mon factor of 30037878 and 6885.
1377
Calculate the greatest common factor of 275786186 and 514.
514
What is the greatest common factor of 1676336 and 569296?
272
What is the highest common factor of 180 and 288415980?
180
What is the greatest common divisor of 926760 and 4608?
24
What is the greatest common divisor of 1893 and 37782?
3
What is the greatest common factor of 6761562 and 31266?
1158
What is the highest common divisor of 45501032 and 4068?
452
Calculate the highest common factor of 73282 and 288464.
22
Calculate the greatest common divisor of 57323 and 4883.
19
Calculate the greatest common divisor of 884802 and 61843698.
13206
Calculate the highest common divisor of 29262 and 10302.
6
What is the highest common factor of 3 and 20235363?
3
What is the greatest common factor of 93100 and 147150?
50
Calculate the highest common factor of 426 and 1935886.
142
What is the highest common divisor of 2622 and 88256520?
2622
What is the highest common factor of 43282 and 586853?
1273
Calculate the greatest common factor of 750321 and 39.
39
What is the greatest common divisor of 72 and 3167838?
18
Calculate the highest common divisor of 214935 and 12015.
1335
What is the highest common factor of 738 and 3930506?
82
What is the highest common factor of 369486 and 14196?
78
Calculate the greatest common divisor of 13085289 and 336.
21
Calculate the greatest common factor of 8590 and 255275.
5
What is the highest common divisor of 672 and 2899806?
42
What is the greatest common divisor of 1082224452 and 18672?
4668
Calculate the highest common divisor of 50432 and 151176224.
6304
Calculate the highest common divisor of 8 and 31315984.
8
Calculate the highest common divisor of 2497 and 5007.
1
What is the highest common divisor of 732469 and 285?
19
Calculate the greatest common divisor of 316 and 50386753.
79
What is the greatest common divisor of 1738539 and 693?
99
Calculate the highest common divisor of 14 and 26857040.
14
What is the greatest common factor of 21 and 11185026?
3
Calculate the greatest common divisor of 10936336 and 272.
16
What is the greatest common factor of 4409764 and 892?
4
What is the greatest common divisor of 917 and 160398889?
917
What is the highest common divisor of 4956 and 26494068?
708
Calculate the greatest common divisor of 40140159 and 8655.
1731
What is the highest common divisor of 773749 and 319?
29
What is the highest common divisor of 599 and 190726392?
599
What is the greatest common divisor of 3825 and 1622701?
17
Calculate the highest common factor of 6129 and 45891909.
2043
Calculate the highest common factor of 1249191960 and 1530.
510
Calculate the highest common factor of 20783 and 71641970.
2969
What is the highest common divisor of 20191886 and 1144?
286
What is the greatest common divisor of 29 and 17336287?
29
Calculate the highest common factor of 234646038 and 594.
594
What is the highest common factor of 2808 and 309804768?
936
What is the highest common factor of 2868117 and 1029?
147
Calculate the greatest common factor of 268428435 and 246.
123
What is the greatest common factor of 140541849 and 2226?
1113
What is the greatest common divisor of 41 and 102016979?
41
What is the greatest common factor of 4457704 and 3648?
152
What is the highest common divisor of 507 and 383960733?
507
What is the greatest common divisor of 1801947 and 56021?
371
Calculate the greatest common divisor of 9 and 73819143.
9
What is the highest common divisor of 522 and 67056642?
522
Calculate the highest common factor of 26247726 and 178524.
4698
Calculate the highest common divisor of 98 and 16671494.
14
What is the greatest common factor of 1076775 and 109425?
75
Calculate the greatest common factor of 563342 and 988598.
1222
Calculate the greatest common factor of 10 and 19993770.
10
What is the highest common factor of 35 and 100619015?
35
What is the greatest common divisor of 26807375 and 16625?
875
Calculate the highest common factor of 15483664 and 448.
112
What is the highest common factor of 17 and 47275453?
17
Calculate the greatest common divisor of 5047 and 253735762.
721
What is the greatest common factor of 25 and 14024305?
5
What is the highest common factor of 9381 and 99534?
159
What is the greatest common factor of 121695 and 29925?
1995
Calculate the highest common divisor of 9165815 and 5.
5
What is the highest common divisor of 15603556 and 16592?
244
What is the greatest common factor of 6699210 and 6570?
2190
What is the greatest common divisor of 588 and 47955712?
196
Calculate the greatest common factor of 3648 and 5679488.
64
Calculate the greatest common divisor of 1269 and 3113856.
27
Calculate the greatest common factor of 11406380 and 8104.
4052
What is the highest common divisor of 984750 and 1446?
6
What is the highest common divisor of 5368026 and 2250?
6
Calculate the greatest common factor of 114 and 22039410.
6
Calculate the greatest common divisor of 1860830 and 290.
10
Calculate the greatest common divisor of 39 and 28585661.
13
What is the greatest common divisor of 25488 and 228111228?
6372
What is the highest common divisor of 161684 and 11325672?
1948
Calculate the greatest common divisor of 260 and 51667070.
130
What is the highest common factor of 979798573 and 33316?
8329
Calculate the greatest common divisor of 3519621 and 7.
7
Calculate the greatest common factor of 5768 and 5550052.
412
What is the greatest common divisor of 1697 and 39053061?
1697
What is the highest common factor of 2090308 and 6028?
44
Calculate the greatest common divisor of 1502326 and 22974.
14
What is the greatest common factor of 2100 and 5501550?
150
What is the highest common divisor of 986337 and 189135?
81
What is the greatest common divisor of 156 and 329221815?
39
Calculate the greatest common divisor of 2725 and 65.
5
Calculate the highest common divisor of 204693 and 28968.
213
What is the highest common factor of 536902 and 568?
142
What is the greatest common factor of 128667 and 902517?
231
What is the greatest common factor of 14 and 352069746?
14
What is the highest common factor of 44561595 and 585?
195
Calculate the greatest common factor of 7331712 and 768.
384
Calculate the greatest common divisor of 7854 and 37850802.
66
What is the greatest common factor of 324749054 and 76391?
10913
Calculate the greatest common factor of 1043874 and 351.
351
What is the greatest common divisor of 227642 and 88967?
43
What is the highest common divisor of 90588025 and 25?
25
Calculate the greatest common factor of 7845 and 23900577.
1569
What is the greatest common factor of 2353 and 127179650?
2353
What is the greatest common factor of 1014291452 and 2012?
2012
What is the highest common factor of 94 and 157161749?
47
Calculate the highest common factor of 37525212 and 3537.
1179
Calculate the greatest common factor of 75154 and 5549736.
106
Calculate the highest common factor of 163 and 175333.
1
What is the highest common factor of 7896 and 315336?
168
Calculate the highest common factor of 2446789 and 6441.
113
What is the greatest common factor of 390 and 30693?
39
Calculate the highest common factor of 37050006 and 3948.
1974
What is the greatest common divisor of 472381 and 1290471?
2639
Calculate the greatest common factor of 1077016 and 244.
244
What is the greatest common factor of 2921 and 43053?
127
What is the greatest common divisor of 6975693 and 611?
47
What is the greatest common factor of 20348 and 75550?
2
What is the greatest common factor of 7904739 and 7281?
2427
What is the highest common divisor of 28 and 53924876?
4
What is the highest common divisor of 91034 and 424672?
46
Calculate the greatest common divisor of 5757843 and 253.
23
What is the greatest common factor of 10330949 and 4722?
787
What is the greatest common divisor of 77316 and 1088?
68
Calculate the highest common divisor of 1023124 and 276427.
1147
Calculate the highest common factor of 6 and 4479954.
6
What is the greatest common divisor of 285 and 55536753?
57
What is the highest common divisor of 58995 and 11034630?
2565
Calculate the greatest common divisor of 412550085 and 6090.
435
What is the highest common factor of 179013 and 3585?
3
Calculate the highest common factor of 28